5 = -5*q. Suppose -2*w - 3*w = -l. What is the units digit of w?
6
What is the units digit of (7 + 3 + -6)*4?
6
Let h = -532 + 881. What is the units digit of h?
9
Let o(a) = -a**2 - 4*a. Let p be o(-3). Suppose -p*m + 4*m = -2*h - 33, 4*h + 71 = -3*m. Let t = -8 - h. What is the units digit of t?
6
Let p(a) = a**2 - 8*a + 5. Let y be p(8). What is the units digit of ((-6)/y)/((-8)/100)?
5
Let s = 10 - 20. Let k = s - -15. Suppose k*j - 2 = 3. What is the units digit of j?
1
Let d = 17 + -6. What is the units digit of d?
1
Let p(l) = -l**2 + 7*l + 2. Let i be p(7). What is the units digit of (-27)/(-2) + 1/i?
4
Suppose -4*m + 177 - 37 = 0. What is the tens digit of 4/14 + 935/m?
2
Let v(n) = 5*n - 1. Suppose 5*p + 0 = 5. What is the units digit of v(p)?
4
Let z be (-49)/4 - (-6)/24. Let p = z - -8. What is the units digit of 6*((-6)/p + -1)?
3
Let v(j) = -j**2 - 12*j - 9. Let m be v(-11). Suppose 2*c - 6 + 0 = -m*q, -4*q + 6 = 3*c. What is the units digit of c?
6
What is the hundreds digit of 22/(-5) - -4 - 5348/(-20)?
2
Let s be (-2)/(-9) + (-1719)/81. Let z = -7 - s. What is the units digit of z?
4
Suppose 0 = 4*x + 4*m, -4*x = -4*m - 9 + 1. Let d be x/4 + (-55)/(-20). Suppose d*g - 28 = -g. What is the units digit of g?
7
Let u(v) = -v - 7. Let r(x) = -3*x - 9 + x + 3. Let k(i) = -4*r(i) + 5*u(i). What is the tens digit of k(8)?
1
Suppose 2*n + 7 = -3*m + 3*n, 0 = 5*m + 3*n + 35. What is the units digit of ((-4)/3)/(m/6)?
2
Let r(w) = -w**2 + w + 2. Let k be r(2). Suppose 3*n + 60 = -k*n. What is the units digit of 24/10 - (-8)/n?
2
Suppose -26*w + 27*w = 266. What is the tens digit of w?
6
Let y(z) = 2*z**2 - 2*z + 6. Let q be y(6). Let w = 126 - q. Suppose 3*t = -2*t + w. What is the units digit of t?
2
Suppose -4*o = -2*o - 64. What is the tens digit of o?
3
Suppose -2*t - t = -3*v - 69, 0 = t - 3*v - 33. Let z = 27 + -20. Let m = t - z. What is the units digit of m?
1
Suppose -9*a + 300 = -4*a + 5*m, 3*a + 5*m = 186. What is the tens digit of a?
5
What is the tens digit of 48/(-120) + 614/10?
6
Suppose -3*p - 3 = -b - 49, -4*b = 5*p + 116. Let v = b + 49. What is the tens digit of v?
1
Suppose 3 = b + 2*b. Suppose -3*o = 5*k - 16, -3*k + o = -2 - 2. What is the units digit of ((b - 4) + k)*-5?
5
Suppose -272 = 4*n - 8*n. What is the units digit of n?
8
Suppose -3*w = -96 - 81. What is the units digit of w?
9
Suppose 4*j + 2*q + 0*q - 6 = 0, -3*j - q + 7 = 0. Suppose 0 = 4*g + 3*k - 18, 3*g - 2*k = j + 18. What is the units digit of g?
6
Suppose -44*r = -45*r + 166. What is the tens digit of r?
6
Let f(r) = r**3 - 3*r**2 + r. Let z be f(5). Suppose 23 = 2*q - d, -5*q + d + z = -d. Let i = 15 - q. What is the units digit of i?
6
What is the hundreds digit of 207 - (8 + -3) - -1?
2
Suppose 16 = 4*c + 5*v, 2*c + 8 + 10 = 4*v. Suppose -3*f + j - 44 = 5*j, 2*f + 5*j = -41. What is the units digit of f*(c + 1 - 2)?
6
Let b be 4/(-6)*(22 - 1). Let x(k) = k**3 + 14*k**2 - 2*k - 20. What is the units digit of x(b)?
8
Let a(f) = f**3 + 2*f**2 - 5*f - 3. Let l be (-3 - 0)/((-1)/(-1)). Let c be a(l). Suppose c*j + 4 = 4*j. What is the units digit of j?
4
Suppose -m = -0*m + 4. Let o = 14 + m. What is the tens digit of o?
1
Suppose -2*t + 4 + 46 = 0. What is the units digit of t?
5
Suppose 2*a + 27 = 3*y, -7*a = 3*y - 2*a - 6. Suppose i - y + 4 = 0. What is the units digit of i?
3
Let w be 20*(66/(-4))/3. What is the tens digit of 6/9 + w/(-6)?
1
Suppose 0 = -4*c - 3*q + 3, c - 4*q = -2*q + 9. Let y = 6 + c. What is the units digit of y?
9
Let m = 24 - 11. What is the tens digit of m?
1
Let c = 105 - 7. What is the units digit of c?
8
Suppose -3*z - 246 = -3*o, 5*z - 410 - 50 = -5*o. What is the units digit of o?
7
Suppose 6*n + 4*j = 2*n + 4, -5*n - 4*j + 5 = 0. Let s = -2 - n. Let a = s - -5. What is the units digit of a?
2
Let u be (-6)/((-2)/(8/6)). What is the units digit of (u + -2)*6/4?
3
Suppose 0 = -3*o - q + 116 - 2, -5*q - 152 = -4*o. What is the units digit of o?
8
What is the tens digit of 4 - (2 + 1) - -10?
1
What is the units digit of (20/(-8))/(4/(-8))?
5
What is the hundreds digit of (-8)/(-4) - (-7)/((-14)/(-292))?
1
Let n = -17 - -19. Suppose -x = 4*x - 3*h - 67, 19 = x - n*h. What is the tens digit of x?
1
Let u be 2*(0 + -2 + 0). Let h = -3 - u. What is the units digit of h?
1
What is the units digit of 4320/150 - 2/10*-1?
9
Let h = -1 + 6. Suppose -h*c + 48 = -2*c. What is the units digit of c?
6
Suppose i + 4*i + 55 = 0. Let s = i + 18. What is the units digit of s?
7
Suppose 6 = -3*i - 0*i. What is the units digit of i*(-2)/(-2) + 11?
9
Let m = -62 + 108. What is the units digit of m?
6
What is the units digit of (7/(35/(-8)))/((-2)/5)?
4
Suppose -3*y = j + 11, 2*y + 23 = -5*j + 3*y. Let f(i) = -i**2 - 6*i - 7. Let w be f(j). Let p(v) = -10*v - 1. What is the tens digit of p(w)?
1
Let n be (-48)/(4 + 0) + 3. Let w = -14 - -20. What is the units digit of (12/n)/((-1)/w)?
8
Let s = 21 - 13. Suppose 0*d = -4*d + s. What is the units digit of d?
2
Let d(q) = -q - 21. Let r be d(0). Let l = r + 31. Suppose 0 = -l*c + 5*c + 10. What is the units digit of c?
2
Let m = 22 - 1. Let v = m + -15. What is the units digit of v?
6
Suppose -4*x + 415 = 5*d, 0*d - 3*x = -2*d + 166. Suppose 4*w + 23 = d. What is the units digit of w?
5
Let o be ((-5)/(-4))/(3/12). Let s = o + 2. What is the units digit of s?
7
Suppose s - 5 = -4*x + 8, 4*s = 20. Let a = x + -7. Let l = 2 - a. What is the units digit of l?
7
Let f = 7 - 7. Suppose f = 4*t - t + 36. What is the units digit of (1/(-2))/(3/t)?
2
Let m(n) be the first derivative of -5*n**2/2 - 2*n + 2. What is the units digit of m(-2)?
8
Let x be -2 + -18*(-6)/4. Let j = x - 11. What is the units digit of j?
4
Let f = -2 - -11. Let d = f + -5. What is the units digit of (-5 - -3) + (d - 0)?
2
Suppose 0 = -p + 3 + 4. Let w be 296/p - 4/14. What is the units digit of (-4)/(-6)*w/4?
7
Let p = -4 - -9. Suppose -p*i + i + 48 = 0. Suppose i + 3 = 5*s. What is the units digit of s?
3
Let g be (-8)/6*(-6)/4. Let i(c) = c**2 + 2*c + 4. Let x be i(-3). Let v = x + g. What is the units digit of v?
9
What is the units digit of 34/6 - (-3)/9?
6
Let v(q) = -3*q**2 + 12*q + 11. Let c(a) = -2*a**2 + 11*a + 10. Let g(b) = 5*c(b) - 4*v(b). What is the units digit of g(-4)?
0
Let d be ((-8)/1)/(-2 - -1). Suppose -2*l - d = -4*t - 68, 0 = -l - 3*t + 15. Let m = l + -13. What is the tens digit of m?
1
Suppose 2*z - 20 = -2*z. Suppose -z*k + k + 72 = 0. What is the tens digit of k?
1
Let r be (3/2)/((-1)/(-4)). Let j(k) = r*k**2 + 1 - 2*k**2 + 2*k**2. What is the units digit of j(1)?
7
Let p(b) = -2*b + 7. What is the units digit of p(-14)?
5
Suppose 0 = 150*b - 147*b - 330. What is the units digit of b?
0
Let d(h) = h**2 + 8*h + 13. What is the units digit of d(-8)?
3
Suppose 5*t = -3*r + 35 + 5, 2*r - 4*t = -10. Suppose r*y - 21 = 119. What is the tens digit of y?
2
What is the tens digit of (-1 - -2)/1*35?
3
Suppose 3*g - 39 = 39. What is the units digit of g?
6
Let z(y) be the third derivative of y**4/24 + 5*y**3/3 + y**2. What is the units digit of z(-7)?
3
Suppose b = 2 + 1. Suppose 0 = b*g + 12, -4*i - 4 = -2*g - 0*g. Let j = 1 - i. What is the units digit of j?
4
Suppose b - 4 = 3*b. What is the tens digit of (12 - 0/b) + 0?
1
Let c(y) = -7*y + 7. What is the tens digit of c(-8)?
6
Let p = 3 - 0. Let u(m) = 15*m**3 - 2 + 1 + p*m**3 + 2*m**2. What is the units digit of u(1)?
9
Let x = 38 + -16. What is the tens digit of x?
2
Suppose 4*s - d - 15 = 0, 3*s = -2*s - 5*d. Let y(c) = -5*c. Let g be y(-1). Suppose s*u - 12 = -g*j - 5, -3*j = 5*u - 1. What is the units digit of j?
2
Suppose i = -0*o + 4*o, -o - 22 = -3*i. What is the units digit of i?
8
Let v(a) = -9*a**3 - 2*a**2 - 3*a - 2. What is the hundreds digit of v(-3)?
2
Let a = 237 - 30. What is the tens digit of (4/(-12))/((-3)/a)?
2
Let g(a) = a**3 + 10*a**2 + 9. What is the units digit of g(-10)?
9
Suppose -3*v + 4*l = 844, 3*l = 4*v + 6*l + 1142. What is the tens digit of v/(-20) - 1/5?
1
Let o = 8 + 2. What is the units digit of -3 + o/(-3 - -4)?
7
Suppose -t = -5*t - 20. Let x be -1 - -2 - (-1)/(-1). Let f = x - t. What is the units digit of f?
5
Suppose 4*m = 28 - 8. Suppose -3*c - 18 = -m*s, 5 = 3*s - 4*c + 3. What is the units digit of s?
6
Suppo